 36 = -29. What is the units digit of j/((-12)/8) - (-10674)/27?
6
Let x(p) = -p**2 - p + 6. Let h be x(-2). Suppose h*j - 5 = 15. Let d(i) = 14*i + 7. What is the units digit of d(j)?
7
Suppose -7*c + 5 = -5*y - 2*c, 4*c - 16 = 0. Let z = 28 - 28. Suppose -4*h - 5 - 3 = z, -4*o = -y*h - 374. What is the tens digit of o?
9
Suppose 2*t - 3*t + 5463 = -2. What is the units digit of t?
5
Suppose 2*o - 368 = 3*h + 858, 0 = -2*o + 8. Let s = h - -705. What is the tens digit of s?
9
Suppose -5*f + b + 114805 = -141502, f = -4*b + 51253. What is the units digit of f?
1
Suppose -20*m + 2393 = 13953. Let k = m + 609. What is the units digit of k?
1
Let b = -67 + -161. Let p = b + 501. Suppose -5*f = i - p, 3*f - 170 = -3*i + 1. What is the units digit of f?
4
Let y(z) = 6*z - 48. Let s(v) = -7*v + 48. Let t(w) = 3*s(w) + 4*y(w). Let o be t(14). What is the units digit of 102 + (-4 + 0 - o/6)?
9
What is the thousands digit of 55/165 - 101931/(-9)?
1
Let q(h) = -h**2 - 21*h - 5. Suppose 0*p = p - 2*p. Suppose p = -7*u - u - 112. What is the units digit of q(u)?
3
Let m(u) = 102*u + 6. Let x = -30 - -32. Let z be m(x). What is the tens digit of (6/(-7))/((-5)/z)?
3
Let q = -4509 - -8477. What is the thousands digit of q?
3
Suppose w + d + 3*d - 207 = 0, 0 = 4*w + 3*d - 828. Suppose 3*m + 55 = -3*j + 4*j, 5*m - w = -3*j. Suppose i + 10 - j = 0. What is the units digit of i?
4
Let a be -5 - (-25 - -20 - (-5)/(-1)). What is the units digit of 296 - 5/(a/(-3))?
9
Let a be (12/16)/(3/3564). Suppose 9*s - 1467 = a. Let q = -181 + s. What is the units digit of q?
1
Let z(o) be the second derivative of 9*o**3 + 61*o**2/2 + 155*o. What is the units digit of z(2)?
9
Let v(w) be the third derivative of 95*w**4/24 - 21*w**3 - 190*w**2. What is the units digit of v(7)?
9
Let f = -4754 + 8374. What is the thousands digit of f?
3
Let m(b) = 6*b**2 + 9*b - 1132. What is the ten thousands digit of m(-66)?
2
Suppose 5*h = -h + 36. Suppose -2*y = -4*c + 2312, -h*c + c = 2*y - 2890. What is the tens digit of c?
7
Let u(n) = 4*n - 10. Let g be u(3). Suppose g*o = -239 + 2015. What is the tens digit of o?
8
Let b(n) be the third derivative of -n**6/6 + n**5/30 + n**4/6 + n**3/2 + 5*n**2 - 8*n. What is the units digit of b(-1)?
1
Let r = 69458 + -43503. What is the ten thousands digit of r?
2
What is the ten thousands digit of (4/7 + (-580)/(-406))*(-46810)/(-4)?
2
Let y(i) = -5*i**3 - 5*i**2 + 2*i. Let b be y(3). Suppose 0 = -3*g - 477 + 261. Let j = g - b. What is the units digit of j?
2
Suppose n - 21 = -5*h, -5*n + h + 9 = -3*n. Let w be (2/n)/((-1)/447). Let z = w - -379. What is the tens digit of z?
3
Let y(j) = 4231*j**3 - 23*j**2 + 52*j - 5. What is the hundreds digit of y(2)?
8
Suppose -75551 = -4*r + u - 4*u, -r - 3*u + 18881 = 0. What is the ten thousands digit of r?
1
Suppose 0 = -3*c + 2 + 13, 0 = k - 2*c - 192. Let g = 316 + k. What is the units digit of g?
8
Let i = 13189 + 23110. What is the ten thousands digit of i?
3
Let z(p) = 28*p - 35*p**2 + 87*p**2 - 7 - 26*p**2 - 27*p**2. What is the tens digit of z(14)?
8
Let u(t) = -706*t**3 - 3*t**2 - 10*t - 8. What is the tens digit of u(-1)?
0
Suppose -i = 5, -3*v - 2 = 3*i + 4. Suppose v + 9 = -4*l, -5*q + l + 323 = 0. What is the units digit of q?
4
Suppose -3*f = -5*n - 68 - 21, -4*f + 177 = 5*n. Suppose 0 = 34*s - f*s + 20. What is the hundreds digit of (-577)/(-5) - (-3)/s?
1
Let n be 7 - (-4 - (-6 - -3)). What is the hundreds digit of (-12 + n + 5)*401?
4
Suppose 4*c - 10442 = 3*z - 851, -3*c - 4*z = -7212. What is the hundreds digit of c?
4
Let m = 9793 - 4333. Suppose -1090*u + m = -1084*u. What is the hundreds digit of u?
9
Let d be (-86)/(-18) + (-6)/(-27). Suppose -4*n - 4*v + 7*v + 1813 = 0, -d = -v. What is the hundreds digit of n?
4
Suppose 0 = 61*p - 58*p - 6. Suppose -9 - 1 = -2*r - 2*y, 5*r = -p*y + 25. Suppose -r*j + 57 + 528 = 4*a, -5*j + 165 = a. What is the tens digit of a?
4
Let h(l) = -26*l**3 - 10*l**2 - 35*l - 84. What is the ten thousands digit of h(-12)?
4
Suppose -v + 1 + 5 = 0. Let q(r) = -5 - 2*r**2 - 3*r - v*r + 5*r**2 + r**3 - 7. What is the units digit of q(-4)?
8
Let t(v) = v**3 - 19*v**2 - 19*v - 16. Let n be t(20). Suppose -3*d - 15 = 0, n*o + 6*d - 3 = 5*d. What is the hundreds digit of (-14193)/(-54) + o/12?
2
What is the hundreds digit of (-55 - (-22)/11)/((-3)/141)?
4
Suppose 12*j - 36143 = 3*j + 50743. What is the tens digit of j?
5
Let h be (-25)/30*-3 + (-3)/6. Suppose 0 = -h*r - 2*a - 6, -3*r - a = -r + 3. Suppose 0 = -t - 4*t - n + 1355, r = -2*t - n + 545. What is the tens digit of t?
7
Let r be (-4*1)/(10 + (-357)/35). Suppose -r*p + 7*p + 9269 = 0. What is the hundreds digit of p?
7
Suppose 29*c - 24*c - 70 = 0. Suppose -t - 102 = c. What is the tens digit of (t/(-5))/(2 + 24/(-15))?
5
Suppose 3*y = 2*b + 53853, 5*y - 9*y - b = -71826. What is the hundreds digit of y?
9
Let z(k) = 33*k**3 - 2*k**2 + 13*k + 17. Let f be z(6). Suppose -w + 5242 = 3*p - 122, 4*p + w - f = 0. What is the units digit of p?
7
Let s = -904 + 2084. Suppose -1176*z + s*z - 6360 = 0. What is the thousands digit of z?
1
Let s(m) = 7*m**2 - 1 + 1 - m**3 + 2 - m. Let l(z) = z**2 + 24*z - 140. Let v be l(5). What is the tens digit of s(v)?
4
Suppose 0 = -9*g + 413 - 80. Let t = 47 + g. Let s = t + -49. What is the units digit of s?
5
Let g(p) = 83*p + 37. Let l be g(18). Let r = -1033 + l. What is the tens digit of r?
9
Let q(y) = -1296*y**3 - y**2 - 4*y - 2. Let a be q(-1). Let g = 2579 - a. What is the units digit of g?
2
Suppose 233*f = 312*f - 2191855. What is the thousands digit of f?
7
Suppose 4*p + 12 = 4*x - 3*x, x - 6 = p. Suppose -3*n + 3506 = -2*r, -9 = x*r - 5. What is the hundreds digit of n?
1
Let j(v) = 70*v**2 - 2*v + 4. Let u be j(2). Suppose 100*p = 101*p. Suppose -5*w - h + 280 = p, -u = -5*w - 4*h - 0*h. What is the units digit of w?
6
Let n(y) = y**3 - 4*y**2 + 2*y - 1. Let d be n(-7). What is the tens digit of (-2 - d)*45/60?
1
Suppose -9*q = -23 - 40. Suppose -q*f = -129 - 1026. What is the tens digit of f?
6
Suppose 88755 = 3*u + 3*b, 88*b - 89*b = -u + 29593. What is the thousands digit of u?
9
Suppose 5*w = 20, 4*z - 2980 - 21984 = -3*w. What is the units digit of z?
8
Let g = -9274 + 9364. What is the tens digit of g?
9
What is the units digit of ((96999/(-18))/7)/((-10)/60)?
9
Let s = 131 - 153. Suppose -5*m + t + 777 = 0, 5*m - 309 = -3*t + 460. Let f = m - s. What is the units digit of f?
7
Suppose -4*b + 4533 - 1271 = 3*a, b - a - 819 = 0. Suppose -13*y + b = -3798. What is the units digit of y?
5
What is the thousands digit of (-3 + (-21)/(-35) + 2)*28655/(-2)?
5
Let g be -1 + 1 - -4 - -2. Let y = g + 115. Suppose 3*s - y = 4*z, -28 - 10 = -s - z. What is the units digit of s?
9
Suppose q - 3*o + 72 = -4*q, -3*o = q. Let r(m) = m**3 + 12*m**2 - 13*m - 23. What is the hundreds digit of r(q)?
1
Let q = 964 + -957. Suppose 5*r + q*m = 4*m + 4172, 6*m = r - 841. What is the tens digit of r?
3
Let k = 6093 + -692. What is the units digit of k?
1
Let m be (-14)/(-2) + (-10 - 8). What is the hundreds digit of (-47 - -1)*(9 + 264/m)?
6
Let u be (1/(-1 + 0))/((-8)/64). What is the units digit of (u - -3) + -3 - -716?
4
What is the tens digit of (-90)/(-10) - -1*6*(-106796)/(-12)?
0
Suppose 5*c = -80 + 105. Suppose m + 5 = -3*x + 8, 2*x - 28 = -c*m. Suppose -17 = -k - m. What is the units digit of k?
1
Suppose 4*c + 7 - 71 = 0. Suppose -3789 = c*m - 25*m. What is the tens digit of m?
2
Let x(r) = -4*r**2 + 15*r + 7. Let v be x(4). Suppose 0 = 5*w - v*y - 1662, 5*w = 6*w - 3*y - 330. What is the hundreds digit of w?
3
Suppose 4*i = -4*n + 12, 0 = i - 5 + 6. Suppose -9*s = -n*s - 2295. What is the units digit of s?
9
Let o be 10/3*372/155. Suppose -3*v + 1200 = 3*y, 7*y - o*y + 5*v = -388. What is the hundreds digit of y?
3
Let l(r) = r**3 - 9*r**2 + 7*r + 11. Let v be l(8). Suppose -4*m = 2*g - 16, -g - v*g - 8 = -2*m. What is the tens digit of (2720/(-15))/8*(g - 3)?
6
Let u(d) = 2*d**3 - 6*d**2 - 53*d + 42. What is the tens digit of u(13)?
3
Suppose -8 = 2*p - a, -4*p + p - 3*a = 21. Let v(r) = -2 + 8 - r**2 + 1843*r - 4 - 1850*r + 3. What is the tens digit of v(p)?
1
Let x = 103 + -89. Let z(t) = t**2 + 9*t - 21. What is the tens digit of z(x)?
0
Suppose -23 = -25*o + 52.